{"id":30,"date":"2025-08-11T12:40:14","date_gmt":"2025-08-11T12:40:14","guid":{"rendered":"http:\/\/mfu-section-rhone-loire\/?page_id=24"},"modified":"2025-12-17T18:59:28","modified_gmt":"2025-12-17T18:59:28","slug":"credits-du-site-de-la-mutuelle-de-france-unie","status":"publish","type":"page","link":"https:\/\/mfu-section-rhone-loire.fr\/index.php\/credits-du-site-de-la-mutuelle-de-france-unie\/","title":{"rendered":"Cr\u00e9dits"},"content":{"rendered":"\t\t<div data-elementor-type=\"wp-page\" data-elementor-id=\"30\" class=\"elementor elementor-30\" data-elementor-post-type=\"page\">\n\t\t\t\t<div class=\"elementor-element elementor-element-bf0a977 e-flex e-con-boxed e-con e-parent\" data-id=\"bf0a977\" data-element_type=\"container\">\n\t\t\t\t\t<div class=\"e-con-inner\">\n\t\t\t\t<div class=\"elementor-element elementor-element-c8eb458 elementor-widget elementor-widget-heading\" data-id=\"c8eb458\" data-element_type=\"widget\" data-widget_type=\"heading.default\">\n\t\t\t\t\t<h2 class=\"elementor-heading-title elementor-size-default\">Cr\u00e9dits<\/h2>\t\t\t\t<\/div>\n\t\t\t\t<div class=\"elementor-element elementor-element-27f5477 elementor-widget elementor-widget-text-editor\" data-id=\"27f5477\" data-element_type=\"widget\" data-widget_type=\"text-editor.default\">\n\t\t\t\t\t\t\t\t\t<h5><strong>Mutuelle de France Unie &#8211; Section Rh\u00f4ne-Loire &amp; autres d\u00e9partements<\/strong><\/h5>\t\t\t\t\t\t\t\t<\/div>\n\t\t\t\t<div class=\"elementor-element elementor-element-923d3f5 elementor-widget elementor-widget-text-editor\" data-id=\"923d3f5\" data-element_type=\"widget\" data-widget_type=\"text-editor.default\">\n\t\t\t\t\t\t\t\t\t<p><em>Mise \u00e0 jour : le 16 Septembre 2025<\/em><\/p>\t\t\t\t\t\t\t\t<\/div>\n\t\t\t\t<div class=\"elementor-element elementor-element-30c642f elementor-widget elementor-widget-text-editor\" data-id=\"30c642f\" data-element_type=\"widget\" data-widget_type=\"text-editor.default\">\n\t\t\t\t\t\t\t\t\t<h5><span style=\"text-decoration: underline;\"><strong>R\u00e9alisation et d\u00e9veloppement<\/strong><\/span><\/h5><ul><li>Site con\u00e7u et d\u00e9velopp\u00e9 en interne par <strong>Coralie LE ROY<\/strong>, alternante en Webdesign UX\/UI &amp; Communication Digitale du 12\/03\/25 au 25\/08\/26.<\/li><\/ul><h5><span style=\"text-decoration: underline;\"><strong>H\u00e9bergement<\/strong><\/span><\/h5><ul><li>OVH cloud<\/li><li>Adresse : Le si\u00e8ge social est fix\u00e9 au <b>2 rue Kellermann, 59100 Roubaix<\/b><\/li><li>T\u00e9l\u00e9phone : Vous pouvez contacter le support OVHcloud au <b>1007\u00a0<\/b><\/li><\/ul><h5><span style=\"text-decoration: underline;\"><strong>Photographies<\/strong><\/span><\/h5><ul><li><p>R\u00e9alis\u00e9es par <strong>Coralie LE ROY<\/strong><\/p><\/li><li><p>Issues de la banque d\u2019images libre de droits <strong><a href=\"https:\/\/unsplash.com\/\">Unsplash<\/a><\/strong><\/p><\/li><\/ul><h5><span style=\"text-decoration: underline;\"><strong>Pictogrammes et ic\u00f4nes<\/strong><\/span><\/h5><ul><li><p>Ic\u00f4nes issues de <strong><a href=\"https:\/\/icones8.fr\/license\">Icons8<\/a><\/strong>, utilis\u00e9es sous licence gratuite avec attribution<\/p><\/li><li><p>Emojis utilis\u00e9s proviennent de la police <strong data-start=\"822\" data-end=\"843\">Apple Color Emoji<\/strong>, propri\u00e9t\u00e9 d\u2019Apple Inc. <em>Ils sont utilis\u00e9s \u00e0 but informatif et non commercial.<\/em><\/p><\/li><\/ul><h5><span style=\"text-decoration: underline;\"><strong>Illustrations<\/strong><\/span><\/h5><ul><li>Cr\u00e9ations originales r\u00e9alis\u00e9es par <strong>Coralie LE ROY <\/strong>(utilis\u00e9es notamment sur Instagram)<\/li><\/ul><h5><span style=\"text-decoration: underline;\"><strong>Polices de caract\u00e8res<\/strong><\/span><\/h5><ul><li><p><strong>CoconPro<\/strong> (Adobe Fonts \u2013 sous licence via l\u2019abonnement Adobe de l\u2019alternante)<\/p><\/li><li><p><strong>Lato<\/strong> (Adobe Fonts \u2013 sous licence via l\u2019abonnement Adobe de l\u2019alternante)<\/p><\/li><\/ul>\t\t\t\t\t\t\t\t<\/div>\n\t\t\t\t<div class=\"elementor-element elementor-element-5fe3741 elementor-widget-divider--view-line elementor-widget elementor-widget-divider\" data-id=\"5fe3741\" data-element_type=\"widget\" data-widget_type=\"divider.default\">\n\t\t\t\t\t\t\t<div class=\"elementor-divider\">\n\t\t\t<span class=\"elementor-divider-separator\">\n\t\t\t\t\t\t<\/span>\n\t\t<\/div>\n\t\t\t\t\t\t<\/div>\n\t\t\t\t\t<\/div>\n\t\t\t\t<\/div>\n\t\t\t\t<\/div>\n\t\t","protected":false},"excerpt":{"rendered":"<p>Cr\u00e9dits Mutuelle de France Unie &#8211; Section Rh\u00f4ne-Loire &amp; autres d\u00e9partements Mise \u00e0 jour : le 16 Septembre 2025 R\u00e9alisation et d\u00e9veloppement Site con\u00e7u et d\u00e9velopp\u00e9 en interne par Coralie [&hellip;]<\/p>\n","protected":false},"author":1,"featured_media":0,"parent":0,"menu_order":0,"comment_status":"closed","ping_status":"closed","template":"","meta":{"footnotes":""},"class_list":["post-30","page","type-page","status-publish","hentry"],"yoast_head":"<!-- This site is optimized with the Yoast SEO plugin v26.6 - https:\/\/yoast.com\/wordpress\/plugins\/seo\/ -->\n<title>Mutuelle de France Unie | Cr\u00e9dits du site<\/title>\n<meta name=\"description\" content=\"D\u00e9couvrez les cr\u00e9dits du site de la Mutuelle de France Unie \u2013 Section Rh\u00f4ne-Loire : conception, h\u00e9bergement, photos et ressources utilis\u00e9es.\" \/>\n<meta name=\"robots\" content=\"index, follow, max-snippet:-1, max-image-preview:large, max-video-preview:-1\" \/>\n<link rel=\"canonical\" href=\"https:\/\/mfu-section-rhone-loire.fr\/index.php\/credits-du-site-de-la-mutuelle-de-france-unie\/\" \/>\n<meta property=\"og:locale\" content=\"fr_FR\" \/>\n<meta property=\"og:type\" content=\"article\" \/>\n<meta property=\"og:title\" content=\"Mutuelle de France Unie | Cr\u00e9dits du site\" \/>\n<meta property=\"og:description\" content=\"D\u00e9couvrez les cr\u00e9dits du site de la Mutuelle de France Unie \u2013 Section Rh\u00f4ne-Loire : conception, h\u00e9bergement, photos et ressources utilis\u00e9es.\" \/>\n<meta property=\"og:url\" content=\"https:\/\/mfu-section-rhone-loire.fr\/index.php\/credits-du-site-de-la-mutuelle-de-france-unie\/\" \/>\n<meta property=\"og:site_name\" content=\"Mutuelle de France Unie\" \/>\n<meta property=\"article:modified_time\" content=\"2025-12-17T18:59:28+00:00\" \/>\n<meta name=\"twitter:card\" content=\"summary_large_image\" \/>\n<meta name=\"twitter:label1\" content=\"Dur\u00e9e de lecture estim\u00e9e\" \/>\n\t<meta name=\"twitter:data1\" content=\"1 minute\" \/>\n<script type=\"application\/ld+json\" class=\"yoast-schema-graph\">{\"@context\":\"https:\/\/schema.org\",\"@graph\":[{\"@type\":\"WebPage\",\"@id\":\"https:\/\/mfu-section-rhone-loire.fr\/index.php\/credits-du-site-de-la-mutuelle-de-france-unie\/\",\"url\":\"https:\/\/mfu-section-rhone-loire.fr\/index.php\/credits-du-site-de-la-mutuelle-de-france-unie\/\",\"name\":\"Mutuelle de France Unie | Cr\u00e9dits du site\",\"isPartOf\":{\"@id\":\"https:\/\/mfu-section-rhone-loire.fr\/#website\"},\"datePublished\":\"2025-08-11T12:40:14+00:00\",\"dateModified\":\"2025-12-17T18:59:28+00:00\",\"description\":\"D\u00e9couvrez les cr\u00e9dits du site de la Mutuelle de France Unie \u2013 Section Rh\u00f4ne-Loire : conception, h\u00e9bergement, photos et ressources utilis\u00e9es.\",\"breadcrumb\":{\"@id\":\"https:\/\/mfu-section-rhone-loire.fr\/index.php\/credits-du-site-de-la-mutuelle-de-france-unie\/#breadcrumb\"},\"inLanguage\":\"fr-FR\",\"potentialAction\":[{\"@type\":\"ReadAction\",\"target\":[\"https:\/\/mfu-section-rhone-loire.fr\/index.php\/credits-du-site-de-la-mutuelle-de-france-unie\/\"]}]},{\"@type\":\"BreadcrumbList\",\"@id\":\"https:\/\/mfu-section-rhone-loire.fr\/index.php\/credits-du-site-de-la-mutuelle-de-france-unie\/#breadcrumb\",\"itemListElement\":[{\"@type\":\"ListItem\",\"position\":1,\"name\":\"Home\",\"item\":\"https:\/\/mfu-section-rhone-loire.fr\/\"},{\"@type\":\"ListItem\",\"position\":2,\"name\":\"Cr\u00e9dits\"}]},{\"@type\":\"WebSite\",\"@id\":\"https:\/\/mfu-section-rhone-loire.fr\/#website\",\"url\":\"https:\/\/mfu-section-rhone-loire.fr\/\",\"name\":\"Mutuelle de France Unie\",\"description\":\"Section Rh\u00f4ne-Loire &amp; autres d\u00e9partements\",\"publisher\":{\"@id\":\"https:\/\/mfu-section-rhone-loire.fr\/#organization\"},\"potentialAction\":[{\"@type\":\"SearchAction\",\"target\":{\"@type\":\"EntryPoint\",\"urlTemplate\":\"https:\/\/mfu-section-rhone-loire.fr\/?s={search_term_string}\"},\"query-input\":{\"@type\":\"PropertyValueSpecification\",\"valueRequired\":true,\"valueName\":\"search_term_string\"}}],\"inLanguage\":\"fr-FR\"},{\"@type\":\"Organization\",\"@id\":\"https:\/\/mfu-section-rhone-loire.fr\/#organization\",\"name\":\"Mutuelle de France Unie\",\"url\":\"https:\/\/mfu-section-rhone-loire.fr\/\",\"logo\":{\"@type\":\"ImageObject\",\"inLanguage\":\"fr-FR\",\"@id\":\"https:\/\/mfu-section-rhone-loire.fr\/#\/schema\/logo\/image\/\",\"url\":\"https:\/\/mfu-section-rhone-loire.fr\/wp-content\/uploads\/2025\/12\/LOGO.png\",\"contentUrl\":\"https:\/\/mfu-section-rhone-loire.fr\/wp-content\/uploads\/2025\/12\/LOGO.png\",\"width\":508,\"height\":507,\"caption\":\"Mutuelle de France Unie \"},\"image\":{\"@id\":\"https:\/\/mfu-section-rhone-loire.fr\/#\/schema\/logo\/image\/\"}}]}<\/script>\n<!-- \/ Yoast SEO plugin. -->","yoast_head_json":{"title":"Mutuelle de France Unie | Cr\u00e9dits du site","description":"D\u00e9couvrez les cr\u00e9dits du site de la Mutuelle de France Unie \u2013 Section Rh\u00f4ne-Loire : conception, h\u00e9bergement, photos et ressources utilis\u00e9es.","robots":{"index":"index","follow":"follow","max-snippet":"max-snippet:-1","max-image-preview":"max-image-preview:large","max-video-preview":"max-video-preview:-1"},"canonical":"https:\/\/mfu-section-rhone-loire.fr\/index.php\/credits-du-site-de-la-mutuelle-de-france-unie\/","og_locale":"fr_FR","og_type":"article","og_title":"Mutuelle de France Unie | Cr\u00e9dits du site","og_description":"D\u00e9couvrez les cr\u00e9dits du site de la Mutuelle de France Unie \u2013 Section Rh\u00f4ne-Loire : conception, h\u00e9bergement, photos et ressources utilis\u00e9es.","og_url":"https:\/\/mfu-section-rhone-loire.fr\/index.php\/credits-du-site-de-la-mutuelle-de-france-unie\/","og_site_name":"Mutuelle de France Unie","article_modified_time":"2025-12-17T18:59:28+00:00","twitter_card":"summary_large_image","twitter_misc":{"Dur\u00e9e de lecture estim\u00e9e":"1 minute"},"schema":{"@context":"https:\/\/schema.org","@graph":[{"@type":"WebPage","@id":"https:\/\/mfu-section-rhone-loire.fr\/index.php\/credits-du-site-de-la-mutuelle-de-france-unie\/","url":"https:\/\/mfu-section-rhone-loire.fr\/index.php\/credits-du-site-de-la-mutuelle-de-france-unie\/","name":"Mutuelle de France Unie | Cr\u00e9dits du site","isPartOf":{"@id":"https:\/\/mfu-section-rhone-loire.fr\/#website"},"datePublished":"2025-08-11T12:40:14+00:00","dateModified":"2025-12-17T18:59:28+00:00","description":"D\u00e9couvrez les cr\u00e9dits du site de la Mutuelle de France Unie \u2013 Section Rh\u00f4ne-Loire : conception, h\u00e9bergement, photos et ressources utilis\u00e9es.","breadcrumb":{"@id":"https:\/\/mfu-section-rhone-loire.fr\/index.php\/credits-du-site-de-la-mutuelle-de-france-unie\/#breadcrumb"},"inLanguage":"fr-FR","potentialAction":[{"@type":"ReadAction","target":["https:\/\/mfu-section-rhone-loire.fr\/index.php\/credits-du-site-de-la-mutuelle-de-france-unie\/"]}]},{"@type":"BreadcrumbList","@id":"https:\/\/mfu-section-rhone-loire.fr\/index.php\/credits-du-site-de-la-mutuelle-de-france-unie\/#breadcrumb","itemListElement":[{"@type":"ListItem","position":1,"name":"Home","item":"https:\/\/mfu-section-rhone-loire.fr\/"},{"@type":"ListItem","position":2,"name":"Cr\u00e9dits"}]},{"@type":"WebSite","@id":"https:\/\/mfu-section-rhone-loire.fr\/#website","url":"https:\/\/mfu-section-rhone-loire.fr\/","name":"Mutuelle de France Unie","description":"Section Rh\u00f4ne-Loire &amp; autres d\u00e9partements","publisher":{"@id":"https:\/\/mfu-section-rhone-loire.fr\/#organization"},"potentialAction":[{"@type":"SearchAction","target":{"@type":"EntryPoint","urlTemplate":"https:\/\/mfu-section-rhone-loire.fr\/?s={search_term_string}"},"query-input":{"@type":"PropertyValueSpecification","valueRequired":true,"valueName":"search_term_string"}}],"inLanguage":"fr-FR"},{"@type":"Organization","@id":"https:\/\/mfu-section-rhone-loire.fr\/#organization","name":"Mutuelle de France Unie","url":"https:\/\/mfu-section-rhone-loire.fr\/","logo":{"@type":"ImageObject","inLanguage":"fr-FR","@id":"https:\/\/mfu-section-rhone-loire.fr\/#\/schema\/logo\/image\/","url":"https:\/\/mfu-section-rhone-loire.fr\/wp-content\/uploads\/2025\/12\/LOGO.png","contentUrl":"https:\/\/mfu-section-rhone-loire.fr\/wp-content\/uploads\/2025\/12\/LOGO.png","width":508,"height":507,"caption":"Mutuelle de France Unie "},"image":{"@id":"https:\/\/mfu-section-rhone-loire.fr\/#\/schema\/logo\/image\/"}}]}},"_links":{"self":[{"href":"https:\/\/mfu-section-rhone-loire.fr\/index.php\/wp-json\/wp\/v2\/pages\/30","targetHints":{"allow":["GET"]}}],"collection":[{"href":"https:\/\/mfu-section-rhone-loire.fr\/index.php\/wp-json\/wp\/v2\/pages"}],"about":[{"href":"https:\/\/mfu-section-rhone-loire.fr\/index.php\/wp-json\/wp\/v2\/types\/page"}],"author":[{"embeddable":true,"href":"https:\/\/mfu-section-rhone-loire.fr\/index.php\/wp-json\/wp\/v2\/users\/1"}],"replies":[{"embeddable":true,"href":"https:\/\/mfu-section-rhone-loire.fr\/index.php\/wp-json\/wp\/v2\/comments?post=30"}],"version-history":[{"count":6,"href":"https:\/\/mfu-section-rhone-loire.fr\/index.php\/wp-json\/wp\/v2\/pages\/30\/revisions"}],"predecessor-version":[{"id":2369,"href":"https:\/\/mfu-section-rhone-loire.fr\/index.php\/wp-json\/wp\/v2\/pages\/30\/revisions\/2369"}],"wp:attachment":[{"href":"https:\/\/mfu-section-rhone-loire.fr\/index.php\/wp-json\/wp\/v2\/media?parent=30"}],"curies":[{"name":"wp","href":"https:\/\/api.w.org\/{rel}","templated":true}]}}