{"id":22,"date":"2025-08-11T12:39:55","date_gmt":"2025-08-11T12:39:55","guid":{"rendered":"http:\/\/mfu-section-rhone-loire\/?page_id=22"},"modified":"2025-12-17T19:08:00","modified_gmt":"2025-12-17T19:08:00","slug":"accessibilite-numerique","status":"publish","type":"page","link":"https:\/\/mfu-section-rhone-loire.fr\/index.php\/accessibilite-numerique\/","title":{"rendered":"Accessibilit\u00e9"},"content":{"rendered":"\t\t<div data-elementor-type=\"wp-page\" data-elementor-id=\"22\" class=\"elementor elementor-22\" data-elementor-post-type=\"page\">\n\t\t\t\t<div class=\"elementor-element elementor-element-0baa30f e-flex e-con-boxed e-con e-parent\" data-id=\"0baa30f\" data-element_type=\"container\">\n\t\t\t\t\t<div class=\"e-con-inner\">\n\t\t\t\t<div class=\"elementor-element elementor-element-5e87c86 elementor-widget elementor-widget-heading\" data-id=\"5e87c86\" data-element_type=\"widget\" data-widget_type=\"heading.default\">\n\t\t\t\t\t<h2 class=\"elementor-heading-title elementor-size-default\">D\u00e9claration d'accessibilit\u00e9 <\/h2>\t\t\t\t<\/div>\n\t\t\t\t<div class=\"elementor-element elementor-element-5543b66 elementor-widget elementor-widget-text-editor\" data-id=\"5543b66\" data-element_type=\"widget\" data-widget_type=\"text-editor.default\">\n\t\t\t\t\t\t\t\t\t<h5><strong>Mutuelle de France Unie &#8211; Section Rh\u00f4ne-Loire &amp; autres d\u00e9partements<\/strong><\/h5>\t\t\t\t\t\t\t\t<\/div>\n\t\t\t\t<div class=\"elementor-element elementor-element-a521038 elementor-widget elementor-widget-text-editor\" data-id=\"a521038\" data-element_type=\"widget\" data-widget_type=\"text-editor.default\">\n\t\t\t\t\t\t\t\t\t<p>Date de publication de la d\u00e9claration : le 06 Novembre 2025<\/p><p><em>Mise \u00e0 jour : le 06 Novembre 2025<\/em><\/p>\t\t\t\t\t\t\t\t<\/div>\n\t\t\t\t<div class=\"elementor-element elementor-element-fdef136 elementor-widget elementor-widget-text-editor\" data-id=\"fdef136\" data-element_type=\"widget\" data-widget_type=\"text-editor.default\">\n\t\t\t\t\t\t\t\t\t<h5><span style=\"text-decoration: underline;\"><b>Engagement<\/b><\/span><\/h5><p>La Mutuelle de France Unie \u2013 Section Rh\u00f4ne-Loire s\u2019engage \u00e0 rendre son site internet accessible \u00e0 toutes et \u00e0 tous, notamment aux personnes en situation de handicap, conform\u00e9ment \u00e0 l\u2019article 47 de la loi n\u00b0 2005-102 du 11 f\u00e9vrier 2005 et au r\u00e9f\u00e9rentiel RGAA 4.1. (<strong><a href=\"https:\/\/accessibilite.numerique.gouv.fr\/?utm_source=chatgpt.com\">accessibilite.numerique.gouv.fr<\/a><\/strong>)<\/p><h5><span style=\"text-decoration: underline;\"><b>\u00c9tat de l\u2019accessibilit\u00e9<\/b><\/span><\/h5><p>Le site est <b>partiellement conforme<\/b> au RGAA 4.1.<br \/>Une \u00e9valuation a \u00e9t\u00e9 r\u00e9alis\u00e9e \u00e0 l\u2019aide d\u2019outils automatiques WAVE et d\u2019audits internes.<\/p><p><b>R\u00e9sultats page par page :<\/b><\/p><ul><li>Accueil : 9,5 \/ 10<\/li><li>\u00c0 propos : 9,4 \/ 10<\/li><li>Nos \u00e9v\u00e8nements : 8,9 \/ 10<\/li><li>Nos agences : 9,6 \/ 10<\/li><li>Nos articles : 9,6 \/ 10<\/li><li>Contact : 9,1 \/ 10<\/li><\/ul><h5><span style=\"text-decoration: underline;\"><b>Contenus non accessibles \/ am\u00e9liorations programm\u00e9es<\/b><\/span><\/h5><p>Certains contenus du site restent en cours d\u2019optimisation :<\/p><ul><li>Ajustements des contrastes sur certains \u00e9l\u00e9ments visuels.<\/li><li>V\u00e9rification des attributs ARIA sur quelques modules dynamiques (menus, sliders, etc).<\/li><li>Tests suppl\u00e9mentaires en navigation clavier et lecteur d\u2019\u00e9cran sur mobile.<br \/>Le plan d\u2019actions est mis \u00e0 jour chaque ann\u00e9e.<\/li><\/ul><h5><span style=\"text-decoration: underline;\"><b>Aide et contact<\/b><\/span><\/h5><p>Si vous rencontrez une difficult\u00e9 d\u2019acc\u00e8s \u00e0 un contenu ou \u00e0 un service en ligne, vous pouvez nous le signaler via notre <strong><a href=\"http:\/\/mfu-section-rhone-loire\/renseignement-demande-remplissez-le-formulaire-de-contact\/\" data-wplink-url-error=\"true\">page Contact<\/a><\/strong>.<\/p><p>Notre alternante web s\u2019engage \u00e0 \u00e9tudier votre demande et \u00e0 vous apporter une r\u00e9ponse dans un <b>d\u00e9lai raisonnable<\/b>, g\u00e9n\u00e9ralement sous <b>15 jours ouvr\u00e9s<\/b> et au plus tard dans un <b>d\u00e9lai d\u2019un mois<\/b>.<\/p><p>Une <b>confirmation de r\u00e9ception<\/b> vous sera envoy\u00e9e d\u00e8s que votre message aura \u00e9t\u00e9 pris en compte, merci de votre compr\u00e9hension.\u00a0<\/p><h5><span style=\"text-decoration: underline;\"><b>Voie de recours<\/b><\/span><\/h5><p>Si vous constatez un d\u00e9faut d\u2019accessibilit\u00e9 qui vous emp\u00eache d\u2019acc\u00e9der \u00e0 un contenu ou \u00e0 un service, et que vous ne parvenez pas \u00e0 obtenir une r\u00e9ponse satisfaisante de notre part, vous pouvez vous adresser \u00e0 :<br \/><strong><a href=\"https:\/\/www.defenseurdesdroits.fr\/\">defenseurdesdroits.fr<\/a> <\/strong>(<strong><a href=\"https:\/\/accessibilite.numerique.gouv.fr\/obligations\/mentions-et-pages-obligatoires\/?utm_source=chatgpt.com\">accessibilite.numerique.gouv.fr<\/a><\/strong>)<\/p>\t\t\t\t\t\t\t\t<\/div>\n\t\t\t\t<div class=\"elementor-element elementor-element-1b4b5bc elementor-widget-divider--view-line elementor-widget elementor-widget-divider\" data-id=\"1b4b5bc\" data-element_type=\"widget\" data-widget_type=\"divider.default\">\n\t\t\t\t\t\t\t<div class=\"elementor-divider\">\n\t\t\t<span class=\"elementor-divider-separator\">\n\t\t\t\t\t\t<\/span>\n\t\t<\/div>\n\t\t\t\t\t\t<\/div>\n\t\t\t\t\t<\/div>\n\t\t\t\t<\/div>\n\t\t\t\t<\/div>\n\t\t","protected":false},"excerpt":{"rendered":"<p>D\u00e9claration d&rsquo;accessibilit\u00e9 Mutuelle de France Unie &#8211; Section Rh\u00f4ne-Loire &amp; autres d\u00e9partements Date de publication de la d\u00e9claration : le 06 Novembre 2025 Mise \u00e0 jour : le 06 Novembre [&hellip;]<\/p>\n","protected":false},"author":1,"featured_media":0,"parent":0,"menu_order":0,"comment_status":"closed","ping_status":"closed","template":"","meta":{"footnotes":""},"class_list":["post-22","page","type-page","status-publish","hentry"],"yoast_head":"<!-- This site is optimized with the Yoast SEO plugin v26.6 - https:\/\/yoast.com\/wordpress\/plugins\/seo\/ -->\n<title>Mutuelle de France Unie | D\u00e9claration d\u2019accessibilit\u00e9<\/title>\n<meta name=\"description\" content=\"L\u2019accessibilit\u00e9 num\u00e9rique est une priorit\u00e9 pour la MFU \u2013 Section Rh\u00f4ne-Loire, pour qu&#039;il soit conforme au RGAA.\" \/>\n<meta name=\"robots\" content=\"index, follow, max-snippet:-1, max-image-preview:large, max-video-preview:-1\" \/>\n<link rel=\"canonical\" href=\"https:\/\/mfu-section-rhone-loire.fr\/index.php\/accessibilite-numerique\/\" \/>\n<meta property=\"og:locale\" content=\"fr_FR\" \/>\n<meta property=\"og:type\" content=\"article\" \/>\n<meta property=\"og:title\" content=\"Mutuelle de France Unie | D\u00e9claration d\u2019accessibilit\u00e9\" \/>\n<meta property=\"og:description\" content=\"L\u2019accessibilit\u00e9 num\u00e9rique est une priorit\u00e9 pour la MFU \u2013 Section Rh\u00f4ne-Loire, pour qu&#039;il soit conforme au RGAA.\" \/>\n<meta property=\"og:url\" content=\"https:\/\/mfu-section-rhone-loire.fr\/index.php\/accessibilite-numerique\/\" \/>\n<meta property=\"og:site_name\" content=\"Mutuelle de France Unie\" \/>\n<meta property=\"article:modified_time\" content=\"2025-12-17T19:08:00+00:00\" \/>\n<meta name=\"twitter:card\" content=\"summary_large_image\" \/>\n<meta name=\"twitter:label1\" content=\"Dur\u00e9e de lecture estim\u00e9e\" \/>\n\t<meta name=\"twitter:data1\" content=\"2 minutes\" \/>\n<script type=\"application\/ld+json\" class=\"yoast-schema-graph\">{\"@context\":\"https:\/\/schema.org\",\"@graph\":[{\"@type\":\"WebPage\",\"@id\":\"https:\/\/mfu-section-rhone-loire.fr\/index.php\/accessibilite-numerique\/\",\"url\":\"https:\/\/mfu-section-rhone-loire.fr\/index.php\/accessibilite-numerique\/\",\"name\":\"Mutuelle de France Unie | D\u00e9claration d\u2019accessibilit\u00e9\",\"isPartOf\":{\"@id\":\"https:\/\/mfu-section-rhone-loire.fr\/#website\"},\"datePublished\":\"2025-08-11T12:39:55+00:00\",\"dateModified\":\"2025-12-17T19:08:00+00:00\",\"description\":\"L\u2019accessibilit\u00e9 num\u00e9rique est une priorit\u00e9 pour la MFU \u2013 Section Rh\u00f4ne-Loire, pour qu'il soit conforme au RGAA.\",\"breadcrumb\":{\"@id\":\"https:\/\/mfu-section-rhone-loire.fr\/index.php\/accessibilite-numerique\/#breadcrumb\"},\"inLanguage\":\"fr-FR\",\"potentialAction\":[{\"@type\":\"ReadAction\",\"target\":[\"https:\/\/mfu-section-rhone-loire.fr\/index.php\/accessibilite-numerique\/\"]}]},{\"@type\":\"BreadcrumbList\",\"@id\":\"https:\/\/mfu-section-rhone-loire.fr\/index.php\/accessibilite-numerique\/#breadcrumb\",\"itemListElement\":[{\"@type\":\"ListItem\",\"position\":1,\"name\":\"Home\",\"item\":\"https:\/\/mfu-section-rhone-loire.fr\/\"},{\"@type\":\"ListItem\",\"position\":2,\"name\":\"Accessibilit\u00e9\"}]},{\"@type\":\"WebSite\",\"@id\":\"https:\/\/mfu-section-rhone-loire.fr\/#website\",\"url\":\"https:\/\/mfu-section-rhone-loire.fr\/\",\"name\":\"Mutuelle de France Unie\",\"description\":\"Section Rh\u00f4ne-Loire &amp; autres d\u00e9partements\",\"publisher\":{\"@id\":\"https:\/\/mfu-section-rhone-loire.fr\/#organization\"},\"potentialAction\":[{\"@type\":\"SearchAction\",\"target\":{\"@type\":\"EntryPoint\",\"urlTemplate\":\"https:\/\/mfu-section-rhone-loire.fr\/?s={search_term_string}\"},\"query-input\":{\"@type\":\"PropertyValueSpecification\",\"valueRequired\":true,\"valueName\":\"search_term_string\"}}],\"inLanguage\":\"fr-FR\"},{\"@type\":\"Organization\",\"@id\":\"https:\/\/mfu-section-rhone-loire.fr\/#organization\",\"name\":\"Mutuelle de France Unie\",\"url\":\"https:\/\/mfu-section-rhone-loire.fr\/\",\"logo\":{\"@type\":\"ImageObject\",\"inLanguage\":\"fr-FR\",\"@id\":\"https:\/\/mfu-section-rhone-loire.fr\/#\/schema\/logo\/image\/\",\"url\":\"https:\/\/mfu-section-rhone-loire.fr\/wp-content\/uploads\/2025\/12\/LOGO.png\",\"contentUrl\":\"https:\/\/mfu-section-rhone-loire.fr\/wp-content\/uploads\/2025\/12\/LOGO.png\",\"width\":508,\"height\":507,\"caption\":\"Mutuelle de France Unie \"},\"image\":{\"@id\":\"https:\/\/mfu-section-rhone-loire.fr\/#\/schema\/logo\/image\/\"}}]}<\/script>\n<!-- \/ Yoast SEO plugin. -->","yoast_head_json":{"title":"Mutuelle de France Unie | D\u00e9claration d\u2019accessibilit\u00e9","description":"L\u2019accessibilit\u00e9 num\u00e9rique est une priorit\u00e9 pour la MFU \u2013 Section Rh\u00f4ne-Loire, pour qu'il soit conforme au RGAA.","robots":{"index":"index","follow":"follow","max-snippet":"max-snippet:-1","max-image-preview":"max-image-preview:large","max-video-preview":"max-video-preview:-1"},"canonical":"https:\/\/mfu-section-rhone-loire.fr\/index.php\/accessibilite-numerique\/","og_locale":"fr_FR","og_type":"article","og_title":"Mutuelle de France Unie | D\u00e9claration d\u2019accessibilit\u00e9","og_description":"L\u2019accessibilit\u00e9 num\u00e9rique est une priorit\u00e9 pour la MFU \u2013 Section Rh\u00f4ne-Loire, pour qu'il soit conforme au RGAA.","og_url":"https:\/\/mfu-section-rhone-loire.fr\/index.php\/accessibilite-numerique\/","og_site_name":"Mutuelle de France Unie","article_modified_time":"2025-12-17T19:08:00+00:00","twitter_card":"summary_large_image","twitter_misc":{"Dur\u00e9e de lecture estim\u00e9e":"2 minutes"},"schema":{"@context":"https:\/\/schema.org","@graph":[{"@type":"WebPage","@id":"https:\/\/mfu-section-rhone-loire.fr\/index.php\/accessibilite-numerique\/","url":"https:\/\/mfu-section-rhone-loire.fr\/index.php\/accessibilite-numerique\/","name":"Mutuelle de France Unie | D\u00e9claration d\u2019accessibilit\u00e9","isPartOf":{"@id":"https:\/\/mfu-section-rhone-loire.fr\/#website"},"datePublished":"2025-08-11T12:39:55+00:00","dateModified":"2025-12-17T19:08:00+00:00","description":"L\u2019accessibilit\u00e9 num\u00e9rique est une priorit\u00e9 pour la MFU \u2013 Section Rh\u00f4ne-Loire, pour qu'il soit conforme au RGAA.","breadcrumb":{"@id":"https:\/\/mfu-section-rhone-loire.fr\/index.php\/accessibilite-numerique\/#breadcrumb"},"inLanguage":"fr-FR","potentialAction":[{"@type":"ReadAction","target":["https:\/\/mfu-section-rhone-loire.fr\/index.php\/accessibilite-numerique\/"]}]},{"@type":"BreadcrumbList","@id":"https:\/\/mfu-section-rhone-loire.fr\/index.php\/accessibilite-numerique\/#breadcrumb","itemListElement":[{"@type":"ListItem","position":1,"name":"Home","item":"https:\/\/mfu-section-rhone-loire.fr\/"},{"@type":"ListItem","position":2,"name":"Accessibilit\u00e9"}]},{"@type":"WebSite","@id":"https:\/\/mfu-section-rhone-loire.fr\/#website","url":"https:\/\/mfu-section-rhone-loire.fr\/","name":"Mutuelle de France Unie","description":"Section Rh\u00f4ne-Loire &amp; autres d\u00e9partements","publisher":{"@id":"https:\/\/mfu-section-rhone-loire.fr\/#organization"},"potentialAction":[{"@type":"SearchAction","target":{"@type":"EntryPoint","urlTemplate":"https:\/\/mfu-section-rhone-loire.fr\/?s={search_term_string}"},"query-input":{"@type":"PropertyValueSpecification","valueRequired":true,"valueName":"search_term_string"}}],"inLanguage":"fr-FR"},{"@type":"Organization","@id":"https:\/\/mfu-section-rhone-loire.fr\/#organization","name":"Mutuelle de France Unie","url":"https:\/\/mfu-section-rhone-loire.fr\/","logo":{"@type":"ImageObject","inLanguage":"fr-FR","@id":"https:\/\/mfu-section-rhone-loire.fr\/#\/schema\/logo\/image\/","url":"https:\/\/mfu-section-rhone-loire.fr\/wp-content\/uploads\/2025\/12\/LOGO.png","contentUrl":"https:\/\/mfu-section-rhone-loire.fr\/wp-content\/uploads\/2025\/12\/LOGO.png","width":508,"height":507,"caption":"Mutuelle de France Unie "},"image":{"@id":"https:\/\/mfu-section-rhone-loire.fr\/#\/schema\/logo\/image\/"}}]}},"_links":{"self":[{"href":"https:\/\/mfu-section-rhone-loire.fr\/index.php\/wp-json\/wp\/v2\/pages\/22","targetHints":{"allow":["GET"]}}],"collection":[{"href":"https:\/\/mfu-section-rhone-loire.fr\/index.php\/wp-json\/wp\/v2\/pages"}],"about":[{"href":"https:\/\/mfu-section-rhone-loire.fr\/index.php\/wp-json\/wp\/v2\/types\/page"}],"author":[{"embeddable":true,"href":"https:\/\/mfu-section-rhone-loire.fr\/index.php\/wp-json\/wp\/v2\/users\/1"}],"replies":[{"embeddable":true,"href":"https:\/\/mfu-section-rhone-loire.fr\/index.php\/wp-json\/wp\/v2\/comments?post=22"}],"version-history":[{"count":3,"href":"https:\/\/mfu-section-rhone-loire.fr\/index.php\/wp-json\/wp\/v2\/pages\/22\/revisions"}],"predecessor-version":[{"id":2374,"href":"https:\/\/mfu-section-rhone-loire.fr\/index.php\/wp-json\/wp\/v2\/pages\/22\/revisions\/2374"}],"wp:attachment":[{"href":"https:\/\/mfu-section-rhone-loire.fr\/index.php\/wp-json\/wp\/v2\/media?parent=22"}],"curies":[{"name":"wp","href":"https:\/\/api.w.org\/{rel}","templated":true}]}}